-2)?
1
What is the value of -2 - 1 - (-9 + 13)?
-7
What is the value of 1 - 10 - (6 - 21)?
6
Evaluate 3 - (-4 + 2 + 6).
-1
What is 1 + (2 - (6 + -4)) - 3?
-2
Evaluate -2 - (0 - (-10 + 3)).
-9
What is the value of 3 - (5 - (0 + 4))?
2
What is the value of (12 - 4 - (6 - 1)) + -1?
2
What is -4 + -2 + (7 - 6) + 5?
0
What is the value of -4 + 3 + 2 + 5 + -3?
3
Calculate -8 - 0 - (-13 + (-4 - -14)).
-5
What is 5 - ((-7 - 0) + 5 + 1)?
6
Evaluate -1 + (0 - -2) - -1.
2
What is the value of 1 - (2 + -7 + 2 + 5)?
-1
Evaluate (3 - (3 - 2)) + -3 + 1.
0
Evaluate -1 + 2 + -6 + 2 + 1.
-2
Evaluate -30 + 24 - (0 + (-4 - -2)).
-4
Evaluate (2 - 1) + -2 + 1 + 3.
3
Calculate 1 - (4 - 8) - 5 - -7.
7
3 + 0 + 0 - (3 - 1)
1
Evaluate 76 + -75 + 1 + -8.
-6
(11 - 5 - 1) + -1
4
Evaluate (3 - (7 + -8)) + -15 - -7.
-4
What is the value of 1 + (2 + 0 - 3)?
0
Evaluate 3 + -9 + (7 - (-5 + -3)).
9
Evaluate (-3 - (7 + -19)) + -1.
8
-6 + 0 - (33 + -34)
-5
What is 0 - 2 - (-1 - (-5 + 2))?
-4
Evaluate 4 - (-1 - 3 - -15).
-7
What is the value of -2 + (2 - -7) - 1?
6
What is the value of 3 + -5 + -3 + 0?
-5
What is the value of 2 + 1 - (-5 + 5)?
3
What is (-4 - -1) + 6 + -2?
1
(5 - 3) + 0 + (-2 - 5)
-5
What is the value of (3 - 1) + 5 - (8 + -3)?
2
Evaluate -1 - (1 - (1 + 8)).
7
Evaluate -4 - (-8 + (5 - -1)).
-2
Calculate (9 - 4 - 1) + 0.
4
What is the value of -12 + 6 + 2 + -2 - -5?
-1
Calculate -4 - -2 - -1 - 2 - -8.
5
Calculate -1 + (2 - (5 + -9)).
5
Calculate 0 + -7 + 6 + -3.
-4
What is the value of -23 + 32 - (-1 + 6)?
4
Evaluate -14 + 14 + -3 - 2.
-5
-5 - (5 + -3 + -2)
-5
What is the value of 0 - (1 - 5 - (22 + -26))?
0
What is the value of 12 + -2 + 5 + -10?
5
What is 12 + (-13 - -4) + -2?
1
Calculate 1 - (0 + -4) - 9.
-4
Calculate 2 - 1 - (2 + -7 - -2).
4
Calculate -8 + 4 - (29 + -31).
-2
Calculate 0 + 6 - (11 + -9).
4
What is -5 + (8 - (3 + 9)) + 7?
-2
What is the value of -2 + -3 - (9 - 13)?
-1
What is -1 + 2 + (34 - 39)?
-4
What is -3 + 4 + -4 + 0?
-3
Calculate 3 + -7 + 3 + 0 - 3.
-4
10 - 2 - (-7 + 15)
0
-1 + (8 + 1 + -5 - 5)
-2
-4 - (12 - 20 - -10)
-6
Calculate 8 + -3 + -12 - -2 - -14.
9
What is the value of -38 + 35 - (-4 + 1)?
0
What is 2 + -2 + (1 - (-3 - -8))?
-4
Evaluate -2 + -1 + -9 + 7.
-5
-3 + 1 + -3 + 1 + 4
0
What is the value of (3 - -1) + -20 + 14?
-2
Calculate (-2 - 1) + 8 + -6.
-1
Evaluate (-5 - -4 - -11) + 7 + -7.
10
Calculate -2 + (-1 - -3) - (1 + 1).
-2
Calculate -6 + 3 + -4 - -10.
3
5 + -14 + 5 - (5 - 9)
0
Calculate 0 + 5 + -5 - (3 + 1).
-4
Evaluate (3 - (-1 + 7)) + 5.
2
What is the value of 1 - (-3 + 3 + 3)?
-2
What is -3 + (-3 - (3 - 2))?
-7
What is the value of 8 - 10 - (-4 - (-1 - 0))?
1
Evaluate 1 - 4 - ((-2 - 5) + 3).
1
6 + -1 - 0 - 0
5
What is 1 + 2 + (2 - (-2 + 2))?
5
What is the value of 6 + -2 + -4 + 4?
4
Calculate 5 + (0 + -3 - (-35 - -31)).
6
What is 2 + 6 + (-5 - -1) + -5?
-1
Calculate 4 + -13 - -9 - (0 - 3).
3
What is the value of 2 - -3 - (-7 + 11)?
1
18 + -15 - (6 + 2)
-5
-2 - (-5 + 4 + -3 + -4)
6
What is 1 + -6 + -5 + 13?
3
What is -7 - (-6 + -17 + 7 + 3)?
6
What is -8 + (10 - 2) + -2?
-2
Calculate -2 + (-11 + 5 - -6).
-2
What is the value of (1 - 1 - -1) + (-4 - 1)?
-4
Evaluate 5 - ((9 - 19) + 15).
0
Calculate -3 - (-1 - (-7 + 4) - 2).
-3
-28 - -24 - (-1 + (0 - -2))
-5
Evaluate 106 + -108 - (-6 + 1).
3
Evaluate -3 - ((2 - 0) + -2).
-3
Calculate (-5 - ((-7 - 0) + 13)) + 7.
-4
Evaluate 1 - (-5 - (-6 - 7) - 3).
-4
-10 + 6 + 8 + (2 - 1)
5
What is the value of -3 - (-4 + (2 - 2) + 2)?
-1
Evaluate (18 - 15) + (2 - 1) + -3.
1
What is -5 + -6 + -8 + 15?
-4
Evaluate -5 + 15 + -15 - -13.
8
Calculate 2 + (3 + -6 - (1 - -1)).
-3
What is -3 - ((7 - 8) + -3)?
1
Calculate (-2 - (1 - -2) - -19) + -5.
9
Calculate 6 + -3 + 0 + -3.
0
8 - 1 - 3 - (2 + 1)
1
What is 4 - (-9 + 19 + 1)?
-7
-12 + 1 - (20 + (-34 - -12))
-9
What is the value of -2 + 0 + 1 + (-1 - -7)?
5
1 + (-6 - -1 - (32 + -29))
-7
What is (-10 - (-5 + 0)) + -1?
-6
1 + (-6 - -2 - -3)
0
Evaluate (15 - -1) + -5 - 10.
1
What is the value of (-37 - -41) + -5 + -1?
-2
(6 - 1 - (4 + -3)) + -7
-3
Calculate (10 - -1 - (-21 + 26)) + -15.
-9
What is the value of 4 - (2 + -12) - 17?
-3
Calculate -31 - -34 - (12 - 1).
-8
Evaluate (1 - (2 - 3) - -2) + 1.
5
2 - (10 + -6 - 1)
-1
-1 - (-3 - -2) - (0 - 4)
4
8 - (2 + 2 + -1)
5
Evaluate (-13 - -5) + (6 - (3 + 0)).
-5
Calculate (-6 - -14) + -3 + -8.
-3
Calculate (3 - (1 - (2 - 4))) + 1.
1
Evaluate 2 + -4 + 9 - (0 - -8).
-1
Evaluate 7 + -7 - (-2 + 7).
-5
What is 1 - (0 - 3) - (1 + -3)?
6
1 + -4 + (6 - 0) + -1
2
What is 4 + (9 - 16 - -6)?
3
Evaluate 291 + -293 - (1 - 2 - -7).
-8
Evaluate 3 + -1 + -1 + 1 - -3.
5
Calculate -20 + 0 + 23 - (-5 - 1).
9
What is 0 + (7 - (-4 - -1)) + -6?
4
Evaluate 0 + (5 - 2) - (7 + -2).
-2
Calculate (5 - (3 + (6 - 8))) + -2.
2
-3 + (-5 - -6) - (-1 + 1)
-2
What is (-13 - -11) + 4 + (-3 - 0)?
-1
Evaluate 3 + 0 - (39 + -42).
6
Calculate 3 - -1 - 13 - (3 + -9).
-3
-2 - -1 - (-4 - -5)
-2
What is the value of 4 + 1 + -6 + -3?
-4
What is the value of -2 + 2 - (-4 + 8 - 8)?
4
What is (-46 - -43) + (0 - -5) + 2?
4
What is the value of -1 + 3 - (-5 - (2 + -5))?
4
What is (-3 - (-5 - -8)) + 3 + -5?
-8
8 + -5 + -17 - -8
-6
-9 - (-10 - (5 - 12))
-6
10 + (1 - 18) + 2
-5
Calculate -1 + -1 + -2 + 7.
3
What is -4 + -4 + 3 + -1?
-6
What is the value of 1 - (-2 + 4 + -2)?
1
What is the value of -3 - -8 - -1 - 1?
5
Calculate -6 - (-3 - -1) - (-3 - -2).
-3
Evaluate (-8 - (2 - 6)) + (6 - 2).
0
Evaluate (0 - -1) + (-5 - -1).
-3
Evaluate 2 - 7 - ((1 - 8) + 8).
-6
Calculate 0 - 2 - (-7 - -3) - 7.
-5
-8 + 5 + 0 + 2
-1
-5 + 9 - (-2 - -1)
5
(8 - 5 - 3) + -6
-6
What is the value of (3 - -1) + (-7 + -1 - -2)?
-2
Calculate -1 + (0 - -1) + 31 + -33.
-2
What is -4 - (5 - 3) - -6?
0
Evaluate 1 + 1 + 10 + -8.
4
What is -5 + 4 + (0 - (-3 + 11))?
-9
-5 + 18 - (4 + 2)
7
Calculate -36 + 35 - (2 + 2).
-5
What is the value of -42 + 56 + (2 - 9)?
7
What is 4 + -7 - -9 - 3 - -2?
5
-5 - (-2 - (-1 + -4 + 4))
-4
What is -5 - -1 - (-3 - -3)?
-4
2 + 1 + -11 + 7 - -3
2
6 - (5 + -1) - 1
1
Evaluate 0 + -1 - (15 + -21).
5
Evaluate 1 - (1 + 5 + -2 + -1).
-2
Calculate 0 - 2 - ((-7 - 9) + 11).
3
Calculate -4 - -7 - 3 - (9 + -4).
-5
Calculate 4 - (-2 + (0 - (-7 - 2))).
-3
What is the value of (2 - -3 - (3 - -1)) + -2?
-1
What is (2 - 8) + (12 - 0)?
6
What is the value of 0 + 4 + (-2 - 8)?
-6
Evaluate -8 - (-5 + -2 - -4).
-5
What is 4 - (0 - -3 - 2)?
3
What is the value of (-1 - 7) + -7 + 7?
-8
What is -1 + (4 - (4 + 0)) + -4?
-5
Evaluate (1 - (6 - -2)) + 2.
-5
Evaluate 0 + 0 - (-13 + 4 + 10).
-1
Calculate 18 - 16 - (6 - -6).
-10
1 + -1 - ((9 - 9) + 4)
-4
What is -6 + (-10 - (-9 + 1))?
-8
Evaluate 3 + 1 + 5 + 0 + -10.
-1
What is the value of (0 + -3 - 1) + 1?
-3
What is the value of -3 + 4 + (-2 - (-1 - -2))?
-2
-3 - (-10 - (2 + 1))
10
-1 + 4 + (1 - 2 - 7)
-5
Evaluate -14 + 7 + (-2 - -7).
-2
Evaluate 5 + (6 - (-1 - -17)).
-5
2 + -6 + -1 - -4
-1
What is the value of (-1 - 4 - 1) + 17 + -13?
-2
Evaluate (5 - 3) + -2 - 2.
-2
Calculate 4 - 5 - 2 - -2 - -6.
5
Calculate 1 - (4 - (15 - 8)) - -2.
6
-3 + (-2 - -20 - 6) + -5
4
What is (-27 - -10) + 2 + 9?
-6
Calculate 0 - ((15 - 3) + -5 - 2).
-5
What is (11 - 6) + -4 + -1?
0
Evaluate -3 - (-7 + 14 + -8) - 9.
-11
Calculate 7 + -3 - (-6 + 12).
-2
Calculate 3 + 1 + (-4 - 0).
0
What is the value of -5 - (14 + -25 + 0 + 0)?
6
What is the value of 4 + 4 + (4 - 7)?
5
What is the value of (0 - -1) + 1 + 2 + -5?
-1
Evaluate 0 + 1 + 2 - (12 - 5).
-4
Calculate -2 - 1 - (3 + -3) - -8.
5
What is the value of 0 - (-3 + 2 - 0)?
1
(0 - 7 - -11) + -10 + 2
-4
What is the value of -7 + -4 - (-1 + -21)?
11
What is the value of 2 - (-14 + 1 + 5) - 5?
5
What is 1 - (-3 + 5 + -3) - -1?
3
Evaluate 8 + 0 + 0 + (11 - 15).
4
What is -3 - (-1 - 7) - 14?
-9
Evaluate 1 + (8 - 11) - 1.
-3
0 - 21 - -27 - (0 + 0)
6
6 + (-8 + 5 - -7) - 5
5
Calculate (-4 - -4) + (-7 - 0) + 15.
8
Evaluate 5 + -5 + 5 + (6 - 10).
1
(-4 - 1) + -8 + 9
-4
Evaluate (1 - 5 - 6) + 3.
-7
What is the value of (-3 - (0 + -5)) + 1?
3
-1 + -6 + 1 + 2
-4
(2 - 10 - -3) + 7 + -5
-3
Evaluate (-1 - 2) + 2 + -1 + 7.
5
What is the value of (-5 - 1) + -7 - -19?
6
Calculate -10 - (-9 - (11 + -17)).
-7
-2 + 2 + 3 + (1 - 4)
0
What is the value of -7 + 7 + (-4 - -1)?
-3
What is (1 - 4) + (2 - 2)?
-3
What is (-9 + 16 - 11) + (-